t r(t) = 6*t - 293 + 293. Determine r(u).
-12
Let j(v) = -32 - 35 - 39 - 2*v - 9*v + 111. What is j(2)?
-17
Let l(p) = p**3 + 10*p**2 + 8*p - 3. Let s(q) = 3*q**2 - 23*q - 27. Let o(b) = 2*b**2 - 12*b - 14. Let w(d) = 5*o(d) - 3*s(d). Let u be w(-5). What is l(u)?
6
Let r(a) = -8*a**3 + 64*a**3 + 7*a**2 + 2*a - 57*a**3 - 4. Calculate r(3).
38
Let k(o) = -o - 1. Let f(y) = 1. Let q(s) = -2*s**3 - s**2 - 3*s - 3. Let p be q(-1). Let w(l) = p*k(l) - 4*f(l). Calculate w(-6).
1
Let s(w) = 23*w + 1. Suppose l = -5*u + 16, -4*u + l + 0 = -11. Let b(h) = -8*h. Let t(i) = u*s(i) + 8*b(i). Calculate t(-2).
-7
Let x(q) = 4*q - 5*q - 2 + 2*q - 3 - 5*q. Determine x(-2).
3
Let l(w) = 5*w**2 + 2*w**3 - 2*w**3 + w**3. Suppose -3*u - 12 + 40 = -4*f, 3*f = -3*u. Calculate l(f).
16
Let s(i) = i**2 - 25*i - 257. Let b be s(-8). Let f(v) = -3*v + 1. What is f(b)?
-20
Let f(b) = -2*b - 1. Let h be f(-2). Suppose 4*k - h*u = u - 24, 4*u - 30 = 5*k. Let a(l) be the third derivative of -l**4/24 + 2*l**2 - 8*l. Calculate a(k).
6
Let k(h) = 3*h**3 - 14*h**2 + 10*h + 3. Let x(a) = -7*a**3 + 29*a**2 - 20*a - 6. Let r(u) = -9*k(u) - 4*x(u). Give r(-11).
-14
Let h = -277 + 278. Let r(o) = -4*o**3 + 2*o**2 - o - 1. What is r(h)?
-4
Let x(w) = w**2 + 4*w - 1. Let q(a) be the first derivative of -a**3/3 + a**2 - 6. Let t be q(3). What is x(t)?
-4
Let p = -41 + 27. Let f = p - -18. Let y(q) = -5*q - f + 0 + 6*q. Calculate y(-4).
-8
Suppose -12 = -4*q, 2*z - q - 4*q + 3 = 0. Let i(x) = 5 - z*x - 3 + x**2 + 0. Let r = -37 + 41. Determine i(r).
-6
Let b = 179/18 - 85/9. Let u(a) be the first derivative of -10*a + b*a**2 + 3. What is u(6)?
-4
Let o(k) = -k**3 + k**2 + k - 3. Let q = 12 + 10. Let f = q - 19. Suppose -f*i + 8*i = 0. Determine o(i).
-3
Let b(r) be the second derivative of -r**5/10 + r**4/12 - r**3/3 + 16*r. Suppose 0 = -4*o + 6*o. Suppose o - 8 = -4*i. Determine b(i).
-16
Suppose 0*d - d + 4 = 0. Suppose b - 4*c = -16, -2*b - 4*c + d = -0*b. Let r(y) be the second derivative of y**3/3 + 5*y**2/2 + y. Calculate r(b).
-3
Let u be 4/(-18) + (-6)/((-378)/(-175)). Let w(k) = 7*k - 1. What is w(u)?
-22
Suppose 6 = -5*h + 1. Let r(c) = 13*c + 2. Let j(f) = 0 - 5*f - f + 0 - 1. Let d(a) = -5*j(a) - 3*r(a). Determine d(h).
8
Suppose -2*g = -0*z - z - 3, 5*z = -5*g - 45. Let u(a) = -14*a + 3*a**2 + 27*a - 18*a + 1. Let q(p) = -p**2 + 1. Let j(i) = -4*q(i) - u(i). Determine j(z).
9
Let w(m) = m**2 - 10*m - 7. Let o = -138 - -146. Determine w(o).
-23
Let w(q) = 15*q - 4. Let f be (24/16)/(5/10). What is w(f)?
41
Let d(n) = n**3 - 9*n**2 + 6*n - 3. Let u(f) = -f**3 - 4*f**2 - f + 8. Let p be u(0). Calculate d(p).
-19
Suppose -38 = 2*m - 246. Let b(h) = m*h + 6*h**2 + 4 - 4 - 97*h - h**3. Calculate b(7).
0
Let q = -420 + 284. Let y be (102/q)/(2/(-8)*-1). Let r(t) = 5*t + 2. Determine r(y).
-13
Let n(t) be the second derivative of -t**5/20 + 5*t**4/12 + 2*t**3/3 + t**2/2 + 2*t. Let r(x) = -126*x + 1266. Let p be r(10). Determine n(p).
-11
Suppose -6*b + 11*b - 15 = 0. Let v(r) = 2 + 3*r + r + b*r - 6*r. Give v(5).
7
Let m(n) = n**2 + 9*n + 14. Suppose 21*s + 81 = -3. Determine m(s).
-6
Let r(j) = j - 12. Let c = 212 + -136. Let q = 83 - c. What is r(q)?
-5
Let j(p) = p**3 + 3*p**2 - 2*p - 3. Suppose 5*a - 14 = 6. Let i be -1 - -3 - a - (-1 - -2). What is j(i)?
3
Let p(k) = k**2 + 3*k. Let i be (-15)/(-6) + (-2)/4. Suppose 16 = -c + i*c - d, -2*c + 4*d + 24 = 0. Suppose 0 = -0*f - 5*f - c. Calculate p(f).
4
Suppose 4*o - 33 = m, -3*m - m = 4*o - 48. Let h(c) = 40*c - 10 - 65*c + 26*c. What is h(o)?
-1
Let p(s) = s**3 + 4*s**2 - 3*s + 4. Let z(t) = t - 5. Let d be z(5). Suppose 0 = 2*l - d*l + 8. Give p(l).
16
Let s be ((-30)/4)/((-10)/8). Let o(v) = -v**3 + 6*v**2 - v - 3. What is o(s)?
-9
Suppose 5*f - 8 = 7. Let g(c) = 10*c**2 - c + 11. Let l(b) = 22*b**2 - b + 26. Let t(d) = -7*g(d) + 3*l(d). Give t(f).
-23
Suppose 7 + 2 = -3*g. Let x(z) be the first derivative of 2*z**3/3 + 2*z**2 - 79. Determine x(g).
6
Let w(u) = -u**3 - 5*u**2 + 13*u + 9. Let y(l) = l - 1. Let g(k) = -w(k) - 2*y(k). Let b be g(-7). Let i(o) = -o - 11. Determine i(b).
-11
Let a = 52 - 46. Let u(j) = 7*j**2 + 5*j - 9. Let y(x) = x**2 + x. Let g(w) = a*y(w) - u(w). What is g(0)?
9
Let u(x) = -6*x**3 - 17*x**2 + 4*x - 8. Let h(o) = 5*o**3 + 16*o**2 - 3*o + 8. Let b(y) = 5*h(y) + 4*u(y). Determine b(-12).
-4
Let u(j) = 7*j - 27. Let k(s) = -20*s + 76. Let o(n) = -6*k(n) - 17*u(n). Let z be 10*((-1 - -3) + -3). Calculate o(z).
-7
Suppose -12*v = -15*v + 6. Let x(z) = -z**3 + 2*z**2. What is x(v)?
0
Let l(v) = -v**3 - 17. Let o(t) = -t**3 + 5*t**2 + 9*t - 18. Let r(i) = i**2 + i + 4. Let q be r(-2). Let s be o(q). Give l(s).
-17
Let o = 0 - 0. Let f(u) = -u**3 - 4*u**2 - 4*u. Let y be f(-3). Let r(l) = -6*l**y - l - 2*l**2 + 7*l**3 + 13 + l**2. Give r(o).
13
Let y = 141 + -143. Let b(x) = -5*x. What is b(y)?
10
Let t(a) = -28*a - 22*a - 27*a - 19*a + 81*a. Suppose 2*y = 4*f - 6, -y - 4*y - 20 = -5*f. Determine t(f).
15
Let i be (-46)/(-6) + 68/(-102). Let n(o) = -o**3 + 8*o**2 - 5*o + 10. What is n(i)?
24
Suppose -19*i = 95 + 76. Let j(v) = -2*v - 8. Give j(i).
10
Let j(c) = 3*c - 1. Let q(a) = -a + 7. Let h(p) = -3*p + 20. Let y(m) = 6*h(m) - 17*q(m). Let g(v) = 3*j(v) + 6*y(v). Give g(-4).
-9
Let z(a) = a**2 + 3*a - 1. Let m be (-4)/(2*1*(5 - 6)). Suppose m = -f - 0. Give z(f).
-3
Let l(g) = g - 1. Let v = -1304 - -1306. Calculate l(v).
1
Let b(x) be the third derivative of -x**5/60 - x**4/6 + 183*x**2. Give b(-5).
-5
Let f(n) = -2*n**3 + n**2 + n - 1. Let c(k) = k**3 - k**2 - 1. Let m(r) = 3*c(r) + f(r). Let h(g) = -g + 1. Let l(w) = -6*h(w) - m(w). Give l(3).
4
Let y(j) = -j**3 - 7*j**2 - j - 6. Let a be 3 + (-8)/(-24)*1*-30. Give y(a).
1
Let g be -2 + (-2*1)/2. Suppose -j - o + 4 = 0, -j + 5*o = 2*j + 4. Let m(h) = -j*h - 224 - h**2 + 3*h + 228. Calculate m(g).
-8
Let m(o) = -o**3 - 7*o**2 - 9*o - 11. Let y be m(-6). Let t(f) be the second derivative of -1/6*f**3 + 11/2*f**2 - 14*f + 0. What is t(y)?
4
Let n(r) = -r. Let c = 14 + -10. Let z(i) be the first derivative of i**2/2 - i - 2. Let t(o) = c*z(o) + 5*n(o). Determine t(3).
-7
Let u(y) = 2*y**2 - 2*y + 2. Suppose 0 = -3*k + 3*h + 1 - 7, -2 = -k + 5*h. Let g(z) = z**2 + 3*z. Let q be g(-3). Let s = q - k. Determine u(s).
14
Let j(q) = -3*q**2 + 2*q + 2. Let y(s) = s**2 - 8*s + 12. Let z be y(4). Let o(c) = -c - 2. Let h be o(z). Determine j(h).
-6
Let v(k) = 2*k + 4. Let h(w) = -3*w**3 + 3*w**2 - 2*w + 1. Let x be h(2). Let z(c) = -2*c + 4. Let i be z(11). Let g = x - i. Determine v(g).
10
Let l(j) be the third derivative of -j**8/6720 - j**7/420 + j**6/240 + j**5/30 + 2*j**4/3 + 30*j**2. Let g(i) be the second derivative of l(i). Calculate g(-6).
-14
Let z be (6*16/(-6))/(-2). Suppose -29 = -5*r + 3*m - z, 3*r - 1 = -4*m. Let x(y) = -7*y**3 + 2*y**2 - 3*y**r + y + y**3 - 4*y**2. What is x(1)?
-10
Let h be -4*(2 + (-5)/2). Let s(u) = u**2 + 4*u**h - 1 + u**3 - 3 + 3*u. Let c(v) = v**3 + 4*v**2 + 5*v + 3. Let i be c(-3). Calculate s(i).
5
Let l(m) be the second derivative of 2*m**3/3 + 26*m - 1. Determine l(2).
8
Suppose 4*u + 0*u = 20. Suppose 0 = -o + u*o. Suppose o = -h + 2*h - 5. Let w(n) = n**2 - 5*n + 5. Determine w(h).
5
Let p = 51 + -34. Suppose -3*t + 140 = -p*t. Let x(v) = v**3 + 9*v**2 - 11*v - 1. What is x(t)?
9
Let d be (-3 - (-50)/15)/((-2)/30). Let l(y) = 4*y**3 + 7*y**2 - 4*y. Let g(i) = -7*i**3 - 13*i**2 + 9*i. Let m(z) = 3*g(z) + 5*l(z). Determine m(d).
-10
Let n(r) = -r - 5. Suppose 0 = -6*v + 185 + 49. Let w = v + -39. Give n(w).
-5
Let w(i) = 13*i**2 - 9*i - 2*i + 19 - 4*i - 9*i**2 + i**3 + 11*i**2. What is w(-16)?
3
Let u(p) = 11*p - 10. Let q(x) = x**2 + 54*x - 49. Let t(b) = -2*q(b) + 11*u(b). Give t(6).
-6
Let s(w) = -2*w**3 - w**2 - 2*w. Let i = 41 - -54. Let q = i - 97. Determine s(q).
16
Suppose 0 = -5*b - 3*v - 12, 3*v - 7 - 2 = 2*b. Let o(z) = 51*z**2 + 6*z + 10. Let r(q) = -42*q**2 - 5*q - 9. Let y(d) = 5*o(d) + 6*r(d). Determine y(b).
23
Let f = 9 + -6. Let d(j) = 3*j - j**f - 4*j**2 - 1 - 3 + 1. Suppose -8 = 4*m, -3*s + 2*m + 0 = 11. Calculate d(s).
7
Let z be 7/5 + 4/(-10). Let p(n) = 2*n**2 + 78*n + 81*n - 160*n - 15*n**3. Give p(z).
-14
Let k(h) = 164*h + 1 - 2 - h**2 - 171*h. Give k(-5).
9
Let i(v) = v**2 + 4*v. Let 